{"id":691,"date":"2014-12-04T22:12:39","date_gmt":"2014-12-04T22:12:39","guid":{"rendered":"http:\/\/www.restaurantelateranga.com\/webnueva\/?page_id=691"},"modified":"2020-02-05T14:20:23","modified_gmt":"2020-02-05T13:20:23","slug":"viajes-a-egipto","status":"publish","type":"page","link":"https:\/\/www.culturafricana.com\/web\/viajes-a-egipto\/","title":{"rendered":"Viajes a Egipto"},"content":{"rendered":"<p>[vc_row][vc_column width=\u00bb1\/4&#8243;][vc_single_image image=\u00bb10540&#8243; img_size=\u00bbmedium\u00bb onclick=\u00bblink_image\u00bb][vc_column_text]<\/p>\n<div style=\"width: 220px; height: 328px; margin-right: px;\">\n<div style=\"width: 220px; height: auto; background-color: #330000;\">\n<h5 style=\"color: #fee69b; margin-top: px; margin-left: 10px; margin-bottom: -20px;\"><strong>Libros recomendados<\/strong><\/h5>\n<p>&nbsp;<\/p>\n<p style=\"color: #ffffff; font-size: 12px; margin-left: 10px; line-height: 120%; margin-right: 10px;\">&#8211; \u00abEl huevo del avestruz\u00bb de Ra\u00edf M. Batsa<br \/>\n&#8211; \u00abCaf\u00e9 Karnak\u00bb de Naguib Mahfuz<br \/>\n&#8211; \u00abCartas del viaje a Oriente\u00bb de Gustave Flaubert<br \/>\n&#8211; \u00abEl Cairo en los zapatos\u00bb de Elisabeth Anglarill<br \/>\n&#8211; \u00abEl carro dorado\u00bb de Salwa Bak\u00fa<br \/>\n&#8211; \u00abLas artima\u00f1as de los hombres y otras historias\u00bb de Salwa Bak\u00fa<br \/>\n&#8211; \u00abLa sombra del fara\u00f3n\u00bb de Anthony Sat\u00edn<br \/>\n&#8211; \u00abLos amantes del Nilo\u00bb de R. Hall<\/p>\n<h5 style=\"color: #fee69b; margin-top: px; margin-left: 10px; margin-bottom: -20px;\"><strong>Fotos<\/strong><\/h5>\n<p>&nbsp;<\/p>\n<p style=\"color: #ffffff; font-size: 12px; margin-left: 10px; line-height: 120%; margin-right: 10px;\">Luis Moya \u2013 Xavier M. Ravent\u00f3s \u2013 Egypt TCL \u2013 Hans Muller<\/p>\n<p>&nbsp;<\/p>\n<\/div>\n<\/div>\n<p>[\/vc_column_text][\/vc_column][vc_column width=\u00bb1\/2&#8243;][vc_basic_grid post_type=\u00bbportfolio\u00bb max_items=\u00bb10&#8243; element_width=\u00bb6&#8243; order=\u00bbASC\u00bb item=\u00bb17181&#8243; grid_id=\u00bbvc_gid:1580908773446-a2774047-93ce-0&#8243; taxonomies=\u00bb37&#8243;][\/vc_column][vc_column width=\u00bb1\/4&#8243;][vc_column_text el_class=\u00bbdetalle-pais\u00bb]<\/p>\n<h2>Egipto<\/h2>\n<p>Por supuesto, ah\u00ed est\u00e1n sus pir\u00e1mides y sus culturas milenarias; las maravillas de Luxor, Karnak o Abu Simbel. Pero tiene tambi\u00e9n otras cosas, como un desierto muy atractivo, con oasis y poblaciones que saben muy poco de nosotros, y con las que la gran mayor\u00eda de los viajeros se quedar\u00e1 gratamente sorprendida, ya que no se espera algo tan intacto, en un destino tan cl\u00e1sico y de primer orden. Adem\u00e1s de las rutas tur\u00edsticas al uso, nosotros ofrecemos itinerarios que se centran m\u00e1s en otro tipo de aspectos que consideramos m\u00e1s aut\u00e9nticos y originales, y que permiten conocer <em>otros egiptos<\/em>. Con tanta historia y belleza detr\u00e1s, hay tantos, que es imposible agotarlos todos en una sola visita.[\/vc_column_text][\/vc_column][\/vc_row]<\/p>\n","protected":false},"excerpt":{"rendered":"<p>[vc_row][vc_column width=\u00bb1\/4&#8243;][vc_single_image image=\u00bb10540&#8243; img_size=\u00bbmedium\u00bb onclick=\u00bblink_image\u00bb][vc_column_text] Libros recomendados &nbsp; &#8211; \u00abEl huevo del avestruz\u00bb de Ra\u00edf M. Batsa &#8211; \u00abCaf\u00e9 Karnak\u00bb de Naguib Mahfuz &#8211; [&hellip;]<\/p>\n","protected":false},"author":1361,"featured_media":0,"parent":0,"menu_order":0,"comment_status":"closed","ping_status":"closed","template":"","meta":{"_acf_changed":false,"footnotes":""},"class_list":["post-691","page","type-page","status-publish","hentry"],"acf":[],"_links":{"self":[{"href":"https:\/\/www.culturafricana.com\/web\/wp-json\/wp\/v2\/pages\/691","targetHints":{"allow":["GET"]}}],"collection":[{"href":"https:\/\/www.culturafricana.com\/web\/wp-json\/wp\/v2\/pages"}],"about":[{"href":"https:\/\/www.culturafricana.com\/web\/wp-json\/wp\/v2\/types\/page"}],"author":[{"embeddable":true,"href":"https:\/\/www.culturafricana.com\/web\/wp-json\/wp\/v2\/users\/1361"}],"replies":[{"embeddable":true,"href":"https:\/\/www.culturafricana.com\/web\/wp-json\/wp\/v2\/comments?post=691"}],"version-history":[{"count":3,"href":"https:\/\/www.culturafricana.com\/web\/wp-json\/wp\/v2\/pages\/691\/revisions"}],"predecessor-version":[{"id":17712,"href":"https:\/\/www.culturafricana.com\/web\/wp-json\/wp\/v2\/pages\/691\/revisions\/17712"}],"wp:attachment":[{"href":"https:\/\/www.culturafricana.com\/web\/wp-json\/wp\/v2\/media?parent=691"}],"curies":[{"name":"wp","href":"https:\/\/api.w.org\/{rel}","templated":true}]}}