{"id":730,"date":"2014-12-04T22:16:31","date_gmt":"2014-12-04T22:16:31","guid":{"rendered":"http:\/\/www.restaurantelateranga.com\/webnueva\/?page_id=730"},"modified":"2020-02-10T13:14:39","modified_gmt":"2020-02-10T12:14:39","slug":"viajes-a-mozambique","status":"publish","type":"page","link":"https:\/\/www.culturafricana.com\/web\/viajes-a-mozambique\/","title":{"rendered":"Viajes a Mozambique"},"content":{"rendered":"<p>[vc_row][vc_column width=\u00bb1\/4&#8243;][vc_single_image image=\u00bb10558&#8243; img_size=\u00bbmedium\u00bb onclick=\u00bblink_image\u00bb][vc_column_text]<\/p>\n<div style=\"width: 220px; height: 328px; margin-right: px;\">\n<div style=\"width: 220px; height: auto; background-color: #330000;\">\n<h5 style=\"color: #fee69b; margin-top: px; margin-left: 10px; margin-bottom: -20px;\"><strong>Libros recomendados<\/strong><\/h5>\n<p>&nbsp;<\/p>\n<p style=\"color: #ffffff; font-size: 12px; margin-left: 10px; line-height: 120%; margin-right: 10px;\">&#8211; \u00abCronicando\u00bb, \u00abTierra son\u00e1mbula\u00bb, \u00abVoces anochecidas\u00bb y \u00abEl \u00faltimo vuelo del flamenco\u00bb de Mia Couto<br \/>\n&#8211; \u00abComedia infantil\u00bb de Henning Mankell<br \/>\n&#8211; \u00abEl \u00e1rbol de las palabras\u00bb de Teolinda Huerazo<br \/>\n&#8211; \u00abMozambique, una paz para \u00c1frica\u00bb de Roberto Morozzo della Rocca<br \/>\n&#8211; \u00abNiketche\u00bb y \u00abVientos del Apocalipsis\u00bb de Paulina Chiziane<\/p>\n<h5 style=\"color: #fee69b; margin-top: px; margin-left: 10px; margin-bottom: -20px;\"><strong>Fotos<\/strong><\/h5>\n<p>&nbsp;<\/p>\n<p style=\"color: #ffffff; font-size: 12px; margin-left: 10px; line-height: 120%; margin-right: 10px;\">Ines Almudia &#8211; \u00c1ngela Brey &#8211; Ben August &#8211; Paulo Gauran &#8211; Joao P\u00edxel &#8211; Africland<\/p>\n<p>&nbsp;<\/p>\n<\/div>\n<\/div>\n<p>[\/vc_column_text][\/vc_column][vc_column width=\u00bb1\/2&#8243;][vc_basic_grid post_type=\u00bbportfolio\u00bb max_items=\u00bb10&#8243; element_width=\u00bb6&#8243; order=\u00bbASC\u00bb item=\u00bb17181&#8243; grid_id=\u00bbvc_gid:1581336842074-6163dbfe-edd1-5&#8243; taxonomies=\u00bb56&#8243;][\/vc_column][vc_column width=\u00bb1\/4&#8243;][vc_column_text el_class=\u00bbdetalle-pais\u00bb]<\/p>\n<h2>Mozambique<\/h2>\n<p>Quiz\u00e1 sea el \u00faltimo para\u00edso africano por descubrir. Y conviene hacerlo antes de que llegue la masificaci\u00f3n y baje la relaci\u00f3n humana. Algo que ser\u00eda una pena, porque la gente de Mozambique es <em>todo sonrisas <\/em>y franca amabilidad. El pa\u00eds tiene parques nacionales espl\u00e9ndidos, como Gorongosa, Nyassa y el Gran Limpopo, una continuaci\u00f3n del Kruger sudafricano. Su costa, ba\u00f1ada por el \u00cdndico, brinda algunas de las playas m\u00e1s hermosas del continente, con arenas blancas, aguas transparentes y preciosos arrecifes de coral. Dentro de sus fronteras se conservan culturas ancestrales como la suahili, la makonde, la mats\u00faa, la maqua o la changana. Las islas Bazaruto, tambi\u00e9n llamadas <em>islas del para\u00edso<\/em>, y con toda la raz\u00f3n, son uno de los m\u00e1s destacados atractivos de un territorio al que le faltan todav\u00eda infraestructuras, eso es verdad, pero que va camino de convertirse en un destino absolutamente obligado. Al tiempo.[\/vc_column_text][\/vc_column][\/vc_row]<\/p>\n","protected":false},"excerpt":{"rendered":"<p>[vc_row][vc_column width=\u00bb1\/4&#8243;][vc_single_image image=\u00bb10558&#8243; img_size=\u00bbmedium\u00bb onclick=\u00bblink_image\u00bb][vc_column_text] Libros recomendados &nbsp; &#8211; \u00abCronicando\u00bb, \u00abTierra son\u00e1mbula\u00bb, \u00abVoces anochecidas\u00bb y \u00abEl \u00faltimo vuelo del flamenco\u00bb de Mia Couto &#8211; [&hellip;]<\/p>\n","protected":false},"author":1361,"featured_media":0,"parent":0,"menu_order":0,"comment_status":"closed","ping_status":"closed","template":"","meta":{"_acf_changed":false,"footnotes":""},"class_list":["post-730","page","type-page","status-publish","hentry"],"acf":[],"_links":{"self":[{"href":"https:\/\/www.culturafricana.com\/web\/wp-json\/wp\/v2\/pages\/730","targetHints":{"allow":["GET"]}}],"collection":[{"href":"https:\/\/www.culturafricana.com\/web\/wp-json\/wp\/v2\/pages"}],"about":[{"href":"https:\/\/www.culturafricana.com\/web\/wp-json\/wp\/v2\/types\/page"}],"author":[{"embeddable":true,"href":"https:\/\/www.culturafricana.com\/web\/wp-json\/wp\/v2\/users\/1361"}],"replies":[{"embeddable":true,"href":"https:\/\/www.culturafricana.com\/web\/wp-json\/wp\/v2\/comments?post=730"}],"version-history":[{"count":3,"href":"https:\/\/www.culturafricana.com\/web\/wp-json\/wp\/v2\/pages\/730\/revisions"}],"predecessor-version":[{"id":17507,"href":"https:\/\/www.culturafricana.com\/web\/wp-json\/wp\/v2\/pages\/730\/revisions\/17507"}],"wp:attachment":[{"href":"https:\/\/www.culturafricana.com\/web\/wp-json\/wp\/v2\/media?parent=730"}],"curies":[{"name":"wp","href":"https:\/\/api.w.org\/{rel}","templated":true}]}}

<p>[vc_row][vc_column width=»1/4&#8243;][vc_single_image image=»10558&#8243; img_size=»medium» onclick=»link_image»][vc_column_text]</p>
<div style="width: 220px; height: 328px; margin-right: px;">
<div style="width: 220px; height: auto; background-color: #330000;">
<h5 style="color: #fee69b; margin-top: px; margin-left: 10px; margin-bottom: -20px;"><strong>Libros recomendados</strong></h5>
<p>&nbsp;</p>
<p style="color: #ffffff; font-size: 12px; margin-left: 10px; line-height: 120%; margin-right: 10px;">&#8211; «Cronicando», «Tierra sonámbula», «Voces anochecidas» y «El último vuelo del flamenco» de Mia Couto<br />
&#8211; «Comedia infantil» de Henning Mankell<br />
&#8211; «El árbol de las palabras» de Teolinda Huerazo<br />
&#8211; «Mozambique, una paz para África» de Roberto Morozzo della Rocca<br />
&#8211; «Niketche» y «Vientos del Apocalipsis» de Paulina Chiziane</p>
<h5 style="color: #fee69b; margin-top: px; margin-left: 10px; margin-bottom: -20px;"><strong>Fotos</strong></h5>
<p>&nbsp;</p>
<p style="color: #ffffff; font-size: 12px; margin-left: 10px; line-height: 120%; margin-right: 10px;">Ines Almudia &#8211; Ángela Brey &#8211; Ben August &#8211; Paulo Gauran &#8211; Joao Píxel &#8211; Africland</p>
<p>&nbsp;</p>
</div>
</div>
<p>[/vc_column_text][/vc_column][vc_column width=»1/2&#8243;][vc_basic_grid post_type=»portfolio» max_items=»10&#8243; element_width=»6&#8243; order=»ASC» item=»17181&#8243; grid_id=»vc_gid:1581336842074-6163dbfe-edd1-5&#8243; taxonomies=»56&#8243;][/vc_column][vc_column width=»1/4&#8243;][vc_column_text el_class=»detalle-pais»]</p>
<h2>Mozambique</h2>
<p>Quizá sea el último paraíso africano por descubrir. Y conviene hacerlo antes de que llegue la masificación y baje la relación humana. Algo que sería una pena, porque la gente de Mozambique es <em>todo sonrisas </em>y franca amabilidad. El país tiene parques nacionales espléndidos, como Gorongosa, Nyassa y el Gran Limpopo, una continuación del Kruger sudafricano. Su costa, bañada por el Índico, brinda algunas de las playas más hermosas del continente, con arenas blancas, aguas transparentes y preciosos arrecifes de coral. Dentro de sus fronteras se conservan culturas ancestrales como la suahili, la makonde, la matsúa, la maqua o la changana. Las islas Bazaruto, también llamadas <em>islas del paraíso</em>, y con toda la razón, son uno de los más destacados atractivos de un territorio al que le faltan todavía infraestructuras, eso es verdad, pero que va camino de convertirse en un destino absolutamente obligado. Al tiempo.[/vc_column_text][/vc_column][/vc_row]</p>

<p>[vc_row][vc_column width=»1/4&#8243;][vc_single_image image=»10558&#8243; img_size=»medium» onclick=»link_image»][vc_column_text] Libros recomendados &nbsp; &#8211; «Cronicando», «Tierra sonámbula», «Voces anochecidas» y «El último vuelo del flamenco» de Mia Couto &#8211; [&hellip;]</p>
