{"id":740,"date":"2014-12-04T22:17:40","date_gmt":"2014-12-04T22:17:40","guid":{"rendered":"http:\/\/www.restaurantelateranga.com\/webnueva\/?page_id=740"},"modified":"2020-02-10T13:15:20","modified_gmt":"2020-02-10T12:15:20","slug":"viajes-a-republica-democratica-de-congo","status":"publish","type":"page","link":"https:\/\/www.culturafricana.com\/web\/viajes-a-republica-democratica-de-congo\/","title":{"rendered":"Viajes a la Rep\u00fablica Democr\u00e1tica de Congo"},"content":{"rendered":"<p>[vc_row][vc_column width=\u00bb1\/4&#8243;][vc_single_image image=\u00bb10563&#8243; img_size=\u00bbmedium\u00bb onclick=\u00bblink_image\u00bb][vc_column_text el_class=\u00bbdetalle-libros\u00bb]<\/p>\n<h5><strong>Libros recomendados<\/strong><\/h5>\n<ul>\n<li>\u201cEl coraz\u00f3n de las tinieblas\u201d de Joseph Conrad.<\/li>\n<li>\u201cCr\u00f3nicas desde El Congo\u201d de Jos\u00e9 Antonio Segura.<\/li>\n<li>\u201cTres a\u00f1os en el Congo\u201d de Theodore Westmark.<\/li>\n<li>\u201cCongo\u201d de Michael Crichton.<\/li>\n<li>\u201cVagabundo en \u00c1frica\u201d de Javier Reverte.<\/li>\n<\/ul>\n<h5><strong>Fotos<\/strong><\/h5>\n<ul>\n<li>84EV9976<br \/>\nFUENTE: <a href=\"http:\/\/www.asierreino.es\">www.asierreino.es<\/a><\/li>\n<\/ul>\n<p>[\/vc_column_text][\/vc_column][vc_column width=\u00bb1\/2&#8243;][vc_basic_grid post_type=\u00bbportfolio\u00bb max_items=\u00bb10&#8243; element_width=\u00bb6&#8243; order=\u00bbASC\u00bb item=\u00bb17181&#8243; grid_id=\u00bbvc_gid:1581336851813-e6818c97-f3ca-5&#8243; taxonomies=\u00bb61&#8243;][\/vc_column][vc_column width=\u00bb1\/4&#8243;][vc_column_text el_class=\u00bbdetalle-pais\u00bb]<\/p>\n<h2>Rep\u00fablica Democr\u00e1tica del Congo<\/h2>\n<p>Posiblemente sea el pa\u00eds m\u00e1s rico de \u00c1frica y, quiz\u00e1 por eso, uno de los m\u00e1s conflictivos y de los que han arrastrado, hist\u00f3ricamente, m\u00e1s problemas. Sus atractivos son enormes, con r\u00edos caudalosos, bosques extensos, numerosos parques nacionales, artesanos renombrados y mucha variedad \u00e9tnica, entre la que destaca la mayor colonia pigmea de todo el continente. Ya solo su nombre evoca aventura, magia, y el <em>mito del \u00c1frica negra<\/em> m\u00e1s olvidado. Salvaje, hechizadora y primitiva, es el \u00faltimo enigma por resolver, ya que, por ejemplo, gran parte de su abrumadora selva ecuatorial permanece todav\u00eda inexplorada.\u00a0Es tambi\u00e9n el <em>\u00c1frica m\u00e1s so\u00f1ada<\/em>, <em>anhelada y misteriosa<\/em>; esa \u00c1frica evocadora de la \u00e9poca de los grandes exploradores, como el doctor Livingstone o Stanley, con ese r\u00edo que Joseph Conrad plasm\u00f3 en su dram\u00e1tico <em>libro En el coraz\u00f3n de las tinieblas<\/em>.[\/vc_column_text][\/vc_column][\/vc_row]<\/p>\n","protected":false},"excerpt":{"rendered":"<p>[vc_row][vc_column width=\u00bb1\/4&#8243;][vc_single_image image=\u00bb10563&#8243; img_size=\u00bbmedium\u00bb onclick=\u00bblink_image\u00bb][vc_column_text el_class=\u00bbdetalle-libros\u00bb] Libros recomendados \u201cEl coraz\u00f3n de las tinieblas\u201d de Joseph Conrad. \u201cCr\u00f3nicas desde El Congo\u201d de Jos\u00e9 Antonio Segura. [&hellip;]<\/p>\n","protected":false},"author":1361,"featured_media":0,"parent":0,"menu_order":0,"comment_status":"closed","ping_status":"closed","template":"","meta":{"_acf_changed":false,"footnotes":""},"class_list":["post-740","page","type-page","status-publish","hentry"],"acf":[],"_links":{"self":[{"href":"https:\/\/www.culturafricana.com\/web\/wp-json\/wp\/v2\/pages\/740","targetHints":{"allow":["GET"]}}],"collection":[{"href":"https:\/\/www.culturafricana.com\/web\/wp-json\/wp\/v2\/pages"}],"about":[{"href":"https:\/\/www.culturafricana.com\/web\/wp-json\/wp\/v2\/types\/page"}],"author":[{"embeddable":true,"href":"https:\/\/www.culturafricana.com\/web\/wp-json\/wp\/v2\/users\/1361"}],"replies":[{"embeddable":true,"href":"https:\/\/www.culturafricana.com\/web\/wp-json\/wp\/v2\/comments?post=740"}],"version-history":[{"count":5,"href":"https:\/\/www.culturafricana.com\/web\/wp-json\/wp\/v2\/pages\/740\/revisions"}],"predecessor-version":[{"id":17747,"href":"https:\/\/www.culturafricana.com\/web\/wp-json\/wp\/v2\/pages\/740\/revisions\/17747"}],"wp:attachment":[{"href":"https:\/\/www.culturafricana.com\/web\/wp-json\/wp\/v2\/media?parent=740"}],"curies":[{"name":"wp","href":"https:\/\/api.w.org\/{rel}","templated":true}]}}

Viajes a la República Democrática de Congo

<p>[vc_row][vc_column width=»1/4&#8243;][vc_single_image image=»10563&#8243; img_size=»medium» onclick=»link_image»][vc_column_text el_class=»detalle-libros»]</p>
<h5><strong>Libros recomendados</strong></h5>
<ul>
<li>“El corazón de las tinieblas” de Joseph Conrad.</li>
<li>“Crónicas desde El Congo” de José Antonio Segura.</li>
<li>“Tres años en el Congo” de Theodore Westmark.</li>
<li>“Congo” de Michael Crichton.</li>
<li>“Vagabundo en África” de Javier Reverte.</li>
</ul>
<h5><strong>Fotos</strong></h5>
<ul>
<li>84EV9976<br />
FUENTE: <a href="http://www.asierreino.es">www.asierreino.es</a></li>
</ul>
<p>[/vc_column_text][/vc_column][vc_column width=»1/2&#8243;][vc_basic_grid post_type=»portfolio» max_items=»10&#8243; element_width=»6&#8243; order=»ASC» item=»17181&#8243; grid_id=»vc_gid:1581336851813-e6818c97-f3ca-5&#8243; taxonomies=»61&#8243;][/vc_column][vc_column width=»1/4&#8243;][vc_column_text el_class=»detalle-pais»]</p>
<h2>República Democrática del Congo</h2>
<p>Posiblemente sea el país más rico de África y, quizá por eso, uno de los más conflictivos y de los que han arrastrado, históricamente, más problemas. Sus atractivos son enormes, con ríos caudalosos, bosques extensos, numerosos parques nacionales, artesanos renombrados y mucha variedad étnica, entre la que destaca la mayor colonia pigmea de todo el continente. Ya solo su nombre evoca aventura, magia, y el <em>mito del África negra</em> más olvidado. Salvaje, hechizadora y primitiva, es el último enigma por resolver, ya que, por ejemplo, gran parte de su abrumadora selva ecuatorial permanece todavía inexplorada. Es también el <em>África más soñada</em>, <em>anhelada y misteriosa</em>; esa África evocadora de la época de los grandes exploradores, como el doctor Livingstone o Stanley, con ese río que Joseph Conrad plasmó en su dramático <em>libro En el corazón de las tinieblas</em>.[/vc_column_text][/vc_column][/vc_row]</p>

<p>[vc_row][vc_column width=»1/4&#8243;][vc_single_image image=»10563&#8243; img_size=»medium» onclick=»link_image»][vc_column_text el_class=»detalle-libros»] Libros recomendados “El corazón de las tinieblas” de Joseph Conrad. “Crónicas desde El Congo” de José Antonio Segura. [&hellip;]</p>
