{"id":746,"date":"2014-12-04T22:18:11","date_gmt":"2014-12-04T22:18:11","guid":{"rendered":"http:\/\/www.restaurantelateranga.com\/webnueva\/?page_id=746"},"modified":"2020-02-10T13:15:44","modified_gmt":"2020-02-10T12:15:44","slug":"viajes-a-sahara-occidental","status":"publish","type":"page","link":"https:\/\/www.culturafricana.com\/web\/viajes-a-sahara-occidental\/","title":{"rendered":"Viajes a S\u00e1hara Occidental"},"content":{"rendered":"<p>[vc_row][vc_column width=\u00bb1\/4&#8243;][vc_single_image image=\u00bb10566&#8243; img_size=\u00bbmedium\u00bb onclick=\u00bblink_image\u00bb][vc_column_text el_class=\u00bbdetalle-libros\u00bb]<\/p>\n<h5><strong>Libros recomendados<\/strong><\/h5>\n<ul>\n<li>\u201cCartas contra el olvido\u201d de Alicia Guisado Morillas.<\/li>\n<li>\u201cVersos refugiados\u201d de Bahia Mahmud Awah.<\/li>\n<li>\u201cS\u00e1hara en m\u00ed\u201d de Oscar Esteban S\u00e1nchez.<\/li>\n<li>\u201cRitos de Jaima\u201d de Liman Boicha.<\/li>\n<li>\u201cEl beso del S\u00e1hara\u201d de Gonzalo Moure.<\/li>\n<\/ul>\n<h5><strong>Fotos<\/strong><\/h5>\n<ul>\n<li>84EV3350<br \/>\nFUENTE: <a href=\"http:\/\/www.asierreino.es\">www.asierreino.es<\/a><\/li>\n<\/ul>\n<p>[\/vc_column_text][\/vc_column][vc_column width=\u00bb1\/2&#8243;][vc_basic_grid post_type=\u00bbportfolio\u00bb max_items=\u00bb10&#8243; element_width=\u00bb6&#8243; order=\u00bbASC\u00bb item=\u00bb17181&#8243; grid_id=\u00bbvc_gid:1581336852872-af7eadcd-d73a-9&#8243; taxonomies=\u00bb64&#8243;][\/vc_column][vc_column width=\u00bb1\/4&#8243;][vc_column_text el_class=\u00bbdetalle-pais\u00bb]<\/p>\n<h2>Sahara Occidental<\/h2>\n<p>Un pa\u00eds irreal. Un territorio sustitutivo para un pueblo que ha sido despojado del suyo. Un mal apa\u00f1o de la historia, como tantos otros, pero en este caso con tintes especialmente sangrantes, ya que dura ya demasiado tiempo y, adem\u00e1s, no tiene visos de soluci\u00f3n. La <em>hamada<\/em> argelina de Tindouf acoge al maltratado pueblo saharaui que, a pesar de todo, trata de sonre\u00edr y mirar hacia el futuro. La raz\u00f3n principal para visitarles, y aprender de ellos, solo puede estar fundamentada en valores solidarios, que no es poco, ya que la tierra sobre la que se asienta la Rep\u00fablica \u00c1rabe Saharaui Democr\u00e1tica es inh\u00f3spita, para mayor colmo de un pueblo que, precisamente, es quiz\u00e1 uno de los m\u00e1s hospitalarios del planeta.[\/vc_column_text][\/vc_column][\/vc_row]<\/p>\n","protected":false},"excerpt":{"rendered":"<p>[vc_row][vc_column width=\u00bb1\/4&#8243;][vc_single_image image=\u00bb10566&#8243; img_size=\u00bbmedium\u00bb onclick=\u00bblink_image\u00bb][vc_column_text el_class=\u00bbdetalle-libros\u00bb] Libros recomendados \u201cCartas contra el olvido\u201d de Alicia Guisado Morillas. \u201cVersos refugiados\u201d de Bahia Mahmud Awah. \u201cS\u00e1hara en [&hellip;]<\/p>\n","protected":false},"author":1361,"featured_media":0,"parent":0,"menu_order":0,"comment_status":"closed","ping_status":"closed","template":"","meta":{"_acf_changed":false,"footnotes":""},"class_list":["post-746","page","type-page","status-publish","hentry"],"acf":[],"_links":{"self":[{"href":"https:\/\/www.culturafricana.com\/web\/wp-json\/wp\/v2\/pages\/746","targetHints":{"allow":["GET"]}}],"collection":[{"href":"https:\/\/www.culturafricana.com\/web\/wp-json\/wp\/v2\/pages"}],"about":[{"href":"https:\/\/www.culturafricana.com\/web\/wp-json\/wp\/v2\/types\/page"}],"author":[{"embeddable":true,"href":"https:\/\/www.culturafricana.com\/web\/wp-json\/wp\/v2\/users\/1361"}],"replies":[{"embeddable":true,"href":"https:\/\/www.culturafricana.com\/web\/wp-json\/wp\/v2\/comments?post=746"}],"version-history":[{"count":4,"href":"https:\/\/www.culturafricana.com\/web\/wp-json\/wp\/v2\/pages\/746\/revisions"}],"predecessor-version":[{"id":17750,"href":"https:\/\/www.culturafricana.com\/web\/wp-json\/wp\/v2\/pages\/746\/revisions\/17750"}],"wp:attachment":[{"href":"https:\/\/www.culturafricana.com\/web\/wp-json\/wp\/v2\/media?parent=746"}],"curies":[{"name":"wp","href":"https:\/\/api.w.org\/{rel}","templated":true}]}}

Viajes a Sáhara Occidental

<p>[vc_row][vc_column width=»1/4&#8243;][vc_single_image image=»10566&#8243; img_size=»medium» onclick=»link_image»][vc_column_text el_class=»detalle-libros»]</p>
<h5><strong>Libros recomendados</strong></h5>
<ul>
<li>“Cartas contra el olvido” de Alicia Guisado Morillas.</li>
<li>“Versos refugiados” de Bahia Mahmud Awah.</li>
<li>“Sáhara en mí” de Oscar Esteban Sánchez.</li>
<li>“Ritos de Jaima” de Liman Boicha.</li>
<li>“El beso del Sáhara” de Gonzalo Moure.</li>
</ul>
<h5><strong>Fotos</strong></h5>
<ul>
<li>84EV3350<br />
FUENTE: <a href="http://www.asierreino.es">www.asierreino.es</a></li>
</ul>
<p>[/vc_column_text][/vc_column][vc_column width=»1/2&#8243;][vc_basic_grid post_type=»portfolio» max_items=»10&#8243; element_width=»6&#8243; order=»ASC» item=»17181&#8243; grid_id=»vc_gid:1581336852872-af7eadcd-d73a-9&#8243; taxonomies=»64&#8243;][/vc_column][vc_column width=»1/4&#8243;][vc_column_text el_class=»detalle-pais»]</p>
<h2>Sahara Occidental</h2>
<p>Un país irreal. Un territorio sustitutivo para un pueblo que ha sido despojado del suyo. Un mal apaño de la historia, como tantos otros, pero en este caso con tintes especialmente sangrantes, ya que dura ya demasiado tiempo y, además, no tiene visos de solución. La <em>hamada</em> argelina de Tindouf acoge al maltratado pueblo saharaui que, a pesar de todo, trata de sonreír y mirar hacia el futuro. La razón principal para visitarles, y aprender de ellos, solo puede estar fundamentada en valores solidarios, que no es poco, ya que la tierra sobre la que se asienta la República Árabe Saharaui Democrática es inhóspita, para mayor colmo de un pueblo que, precisamente, es quizá uno de los más hospitalarios del planeta.[/vc_column_text][/vc_column][/vc_row]</p>

<p>[vc_row][vc_column width=»1/4&#8243;][vc_single_image image=»10566&#8243; img_size=»medium» onclick=»link_image»][vc_column_text el_class=»detalle-libros»] Libros recomendados “Cartas contra el olvido” de Alicia Guisado Morillas. “Versos refugiados” de Bahia Mahmud Awah. “Sáhara en [&hellip;]</p>
