{"id":750,"date":"2014-12-04T22:18:42","date_gmt":"2014-12-04T22:18:42","guid":{"rendered":"http:\/\/www.restaurantelateranga.com\/webnueva\/?page_id=750"},"modified":"2022-05-09T20:11:00","modified_gmt":"2022-05-09T18:11:00","slug":"viajes-a-senegal","status":"publish","type":"page","link":"https:\/\/www.culturafricana.com\/web\/viajes-a-senegal\/","title":{"rendered":"Viajes a Senegal"},"content":{"rendered":"<p>[vc_row][vc_column width=\u00bb1\/4&#8243;][vc_single_image image=\u00bb10568&#8243; img_size=\u00bbmedium\u00bb onclick=\u00bblink_image\u00bb][vc_column_text]<\/p>\n<div style=\"width: 220px; height: 328px; margin-right: px;\">\n<div style=\"width: 220px; height: auto; background-color: #330000;\">\n<h5 style=\"color: #fee69b; margin-top: px; margin-left: 10px; margin-bottom: -20px;\"><strong>Libros recomendados<\/strong><\/h5>\n<p>&nbsp;<\/p>\n<p style=\"color: #ffffff; font-size: 12px; margin-left: 10px; line-height: 120%; margin-right: 10px;\">&#8211; \u00abEl baobab que enloqueci\u00f3\u00bb de Ken Bugul<br \/>\n&#8211; \u00abEthiopiques\u00bb de L\u00e9opold Senghor<br \/>\n&#8211; \u00abLa aventura ambigua\u00bb de Cheikh Hamidou<br \/>\n&#8211; \u00abLas palabras del Dakar\u00bb de Victor Benayas<br \/>\n&#8211; \u00abMi carta m\u00e1s larga\u00bb de Mariama B\u00e2<br \/>\n&#8211; \u00abLa vida y la muerte\u00bb de Abasse Ndione<br \/>\n&#8211; \u00abSenegal, la cocina de mi madre\u00bb de Youssou N&#8217;Dour<\/p>\n<h5 style=\"color: #fee69b; margin-top: px; margin-left: 10px; margin-bottom: -20px;\"><strong>Fotos<\/strong><\/h5>\n<p>&nbsp;<\/p>\n<p style=\"color: #ffffff; font-size: 12px; margin-left: 10px; line-height: 120%; margin-right: 10px;\"><a style=\"color: #ffffff;\" href=\"http:\/\/www.enriquelopeztapia.com\/\"> Enrique L\u00f3pez-Tapia <\/a> \u2013 <a style=\"color: #ffffff;\" href=\"http:\/\/mifotografiacesarherrero.blogspot.com.es\/\">C\u00e9sar Herrero <\/a> &#8211; John Dundee \u2013 Philippe Laure \u2013 Daniel LeMetayer<\/p>\n<p>&nbsp;<\/p>\n<\/div>\n<\/div>\n<p>[\/vc_column_text][\/vc_column][vc_column width=\u00bb1\/2&#8243;][vc_basic_grid post_type=\u00bbportfolio\u00bb max_items=\u00bb20&#8243; element_width=\u00bb6&#8243; order=\u00bbASC\u00bb item=\u00bb17181&#8243; grid_id=\u00bbvc_gid:1652119827275-fd6fc706-31ff-1&#8243; taxonomies=\u00bb66&#8243;][\/vc_column][vc_column width=\u00bb1\/4&#8243;][vc_column_text el_class=\u00bbdetalle-pais\u00bb]<\/p>\n<h2>Senegal<\/h2>\n<p>Siempre la hemos llamado el <em>\u00c1frica suave<\/em>, porque es un destino ideal de aproximaci\u00f3n al continente, sobre todo para quien no haya visitado otros pa\u00edses del <em>\u00c1frica negra<\/em>. Es cercana y asequible, de relieves parejos e infraestructuras cuidadas, con un clima moderado y gentes muy amables y hospitalarias. Ofrece muchos atractivos, entre los que destacan unos parques ornitol\u00f3gicos que est\u00e1n entre los mejores del mundo, la regi\u00f3n de la Casamance, tan singular y tan bella, el r\u00edo Senegal, ideal para cruceros at\u00edpicos, y el delta del Sine Saloum, un incre\u00edble ecosistema de marismas, manglares y m\u00e1s de doscientas islas, con una fauna y una flora absolutamente fascinantes. Tambi\u00e9n son imprescindibles, dentro de su territorio, el Pa\u00eds Basari y las bellezas naturales de Isla Gor\u00e9 y el Lago Rosa. En definitiva: un pa\u00eds suave, apto para todos los p\u00fablicos, y muy recomendable como iniciaci\u00f3n al continente.[\/vc_column_text][\/vc_column][\/vc_row]<\/p>\n","protected":false},"excerpt":{"rendered":"<p>[vc_row][vc_column width=\u00bb1\/4&#8243;][vc_single_image image=\u00bb10568&#8243; img_size=\u00bbmedium\u00bb onclick=\u00bblink_image\u00bb][vc_column_text] Libros recomendados &nbsp; &#8211; \u00abEl baobab que enloqueci\u00f3\u00bb de Ken Bugul &#8211; \u00abEthiopiques\u00bb de L\u00e9opold Senghor &#8211; \u00abLa aventura [&hellip;]<\/p>\n","protected":false},"author":1361,"featured_media":0,"parent":0,"menu_order":0,"comment_status":"closed","ping_status":"closed","template":"","meta":{"_acf_changed":false,"footnotes":""},"class_list":["post-750","page","type-page","status-publish","hentry"],"acf":[],"_links":{"self":[{"href":"https:\/\/www.culturafricana.com\/web\/wp-json\/wp\/v2\/pages\/750","targetHints":{"allow":["GET"]}}],"collection":[{"href":"https:\/\/www.culturafricana.com\/web\/wp-json\/wp\/v2\/pages"}],"about":[{"href":"https:\/\/www.culturafricana.com\/web\/wp-json\/wp\/v2\/types\/page"}],"author":[{"embeddable":true,"href":"https:\/\/www.culturafricana.com\/web\/wp-json\/wp\/v2\/users\/1361"}],"replies":[{"embeddable":true,"href":"https:\/\/www.culturafricana.com\/web\/wp-json\/wp\/v2\/comments?post=750"}],"version-history":[{"count":4,"href":"https:\/\/www.culturafricana.com\/web\/wp-json\/wp\/v2\/pages\/750\/revisions"}],"predecessor-version":[{"id":18060,"href":"https:\/\/www.culturafricana.com\/web\/wp-json\/wp\/v2\/pages\/750\/revisions\/18060"}],"wp:attachment":[{"href":"https:\/\/www.culturafricana.com\/web\/wp-json\/wp\/v2\/media?parent=750"}],"curies":[{"name":"wp","href":"https:\/\/api.w.org\/{rel}","templated":true}]}}