{"id":760,"date":"2014-12-04T22:25:05","date_gmt":"2014-12-04T22:25:05","guid":{"rendered":"http:\/\/www.restaurantelateranga.com\/webnueva\/?page_id=760"},"modified":"2020-10-01T22:28:31","modified_gmt":"2020-10-01T20:28:31","slug":"viajes-a-sudafrica","status":"publish","type":"page","link":"https:\/\/www.culturafricana.com\/web\/viajes-a-sudafrica\/","title":{"rendered":"Viajes a Sud\u00e1frica"},"content":{"rendered":"<p>[vc_row][vc_column width=\u00bb1\/4&#8243;][vc_single_image image=\u00bb10574&#8243; img_size=\u00bbmedium\u00bb onclick=\u00bblink_image\u00bb][vc_column_text]<\/p>\n<div style=\"width: 220px; height: 328px; margin-right: px;\">\n<div style=\"width: 220px; height: auto; background-color: #330000;\">\n<h5 style=\"color: #fee69b; margin-top: px; margin-left: 10px; margin-bottom: -20px;\"><strong>Libros recomendados<\/strong><\/h5>\n<p>&nbsp;<\/p>\n<p style=\"color: #ffffff; font-size: 12px; margin-left: 10px; line-height: 120%; margin-right: 10px;\">&#8211; \u00abDesgracia\u00bb y \u00abLa edad de hierro\u00bb de J.M. Coetzee<br \/>\n&#8211; \u00abMejor hoy que ma\u00f1ana\u00bb de Nadine Gordimer<br \/>\n&#8211; \u00abEl largo camino hacia la libertad\u00bb de Nelson Mandela<br \/>\n&#8211; \u00abEncuentros en Sud\u00e1frica\u00bb de J. J. Ben\u00edtez<br \/>\n&#8211; \u00abPerro come perro\u00bb de Niq Mhlongo<br \/>\n&#8211; \u00abEl mundo perdido del Kalahari\u00bb de L. Van der Noot<br \/>\n&#8211; \u00abLlamadme mujer\u00bb de Ellen Kuzwayo<\/p>\n<h5 style=\"color: #fee69b; margin-top: px; margin-left: 10px; margin-bottom: -20px;\"><strong>Fotos<\/strong><\/h5>\n<p>&nbsp;<\/p>\n<p style=\"color: #ffffff; font-size: 12px; margin-left: 10px; line-height: 120%; margin-right: 10px;\">Angela Aguirre \u2013 Jay Claysbourng \u2013 Mon Sentis &#8211; Luis G. Santero \u2013 Alma Bertomeu \u2013 Corina Blear &#8211; Vagablog<\/p>\n<p>&nbsp;<\/p>\n<\/div>\n<\/div>\n<p>[\/vc_column_text][\/vc_column][vc_column width=\u00bb1\/2&#8243;][vc_basic_grid post_type=\u00bbportfolio\u00bb max_items=\u00bb20&#8243; element_width=\u00bb6&#8243; order=\u00bbASC\u00bb item=\u00bb17181&#8243; grid_id=\u00bbvc_gid:1601584103839-bab45617-5868-6&#8243; taxonomies=\u00bb71&#8243;][\/vc_column][vc_column width=\u00bb1\/4&#8243;][vc_column_text el_class=\u00bbdetalle-pais\u00bb]<\/p>\n<h2>Sud\u00e1frica<\/h2>\n<p>El gran pa\u00eds del \u00c1frica austral. Una tierra azotada durante a\u00f1os por la sangrante injusticia de la segregaci\u00f3n racial, que hoy se alza orgullosa de haber dejado atr\u00e1s esa p\u00e1gina vergonzante de la historia de la humanidad. Tiene buenas infraestructuras y unos parques, tanto estatales como privados, muy bien organizados. Ofrece todo tipo de alternativas, que van desde el avistamiento de fauna salvaje, a las grandes ciudades, pasando por pueblos con encanto, playas, buenos hoteles, bodegas y zonas mineras cargadas de historia. Es, en suma, un valor seguro para realizar un gran viaje, por paisajes muy diferentes entre s\u00ed, que van desde la agradable y suave franja costera, a la cordillera de El Cabo, pasando por la gran meseta o el por desierto del Kalahari. Todos ellos tienen algo en com\u00fan: su gran magnitud y sus enormes atractivos para los viajeros, que se deslumbran al apreciar una especie de <em>gran mundo<\/em>, dentro de un solo pa\u00eds.[\/vc_column_text][\/vc_column][\/vc_row]<\/p>\n","protected":false},"excerpt":{"rendered":"<p>[vc_row][vc_column width=\u00bb1\/4&#8243;][vc_single_image image=\u00bb10574&#8243; img_size=\u00bbmedium\u00bb onclick=\u00bblink_image\u00bb][vc_column_text] Libros recomendados &nbsp; &#8211; \u00abDesgracia\u00bb y \u00abLa edad de hierro\u00bb de J.M. Coetzee &#8211; \u00abMejor hoy que ma\u00f1ana\u00bb de [&hellip;]<\/p>\n","protected":false},"author":1361,"featured_media":0,"parent":0,"menu_order":0,"comment_status":"closed","ping_status":"closed","template":"","meta":{"_acf_changed":false,"footnotes":""},"class_list":["post-760","page","type-page","status-publish","hentry"],"acf":[],"_links":{"self":[{"href":"https:\/\/www.culturafricana.com\/web\/wp-json\/wp\/v2\/pages\/760","targetHints":{"allow":["GET"]}}],"collection":[{"href":"https:\/\/www.culturafricana.com\/web\/wp-json\/wp\/v2\/pages"}],"about":[{"href":"https:\/\/www.culturafricana.com\/web\/wp-json\/wp\/v2\/types\/page"}],"author":[{"embeddable":true,"href":"https:\/\/www.culturafricana.com\/web\/wp-json\/wp\/v2\/users\/1361"}],"replies":[{"embeddable":true,"href":"https:\/\/www.culturafricana.com\/web\/wp-json\/wp\/v2\/comments?post=760"}],"version-history":[{"count":4,"href":"https:\/\/www.culturafricana.com\/web\/wp-json\/wp\/v2\/pages\/760\/revisions"}],"predecessor-version":[{"id":17934,"href":"https:\/\/www.culturafricana.com\/web\/wp-json\/wp\/v2\/pages\/760\/revisions\/17934"}],"wp:attachment":[{"href":"https:\/\/www.culturafricana.com\/web\/wp-json\/wp\/v2\/media?parent=760"}],"curies":[{"name":"wp","href":"https:\/\/api.w.org\/{rel}","templated":true}]}}