{"id":768,"date":"2014-12-04T22:26:03","date_gmt":"2014-12-04T22:26:03","guid":{"rendered":"http:\/\/www.restaurantelateranga.com\/webnueva\/?page_id=768"},"modified":"2020-02-10T13:18:05","modified_gmt":"2020-02-10T12:18:05","slug":"viajes-a-togo","status":"publish","type":"page","link":"https:\/\/www.culturafricana.com\/web\/viajes-a-togo\/","title":{"rendered":"Viajes a Togo"},"content":{"rendered":"<p>[vc_row][vc_column width=\u00bb1\/4&#8243;][vc_single_image image=\u00bb10578&#8243; img_size=\u00bbmedium\u00bb onclick=\u00bblink_image\u00bb][vc_column_text]<\/p>\n<div style=\"width: 220px; height: 328px; margin-right: px;\">\n<div style=\"width: 220px; height: auto; background-color: #330000;\">\n<h5 style=\"color: #fee69b; margin-top: px; margin-left: 10px; margin-bottom: -20px;\"><strong>Libros recomendados<\/strong><\/h5>\n<p>&nbsp;<\/p>\n<p style=\"color: #ffffff; font-size: 12px; margin-left: 10px; line-height: 120%; margin-right: 10px;\">&#8211; \u00ab\u00bfNos oyen cuando lloramos?\u00bb de Fauziya Kassindja y Layli Miller Bashir<br \/>\n&#8211; \u00abLos pies sucios\u00bb de Edem Awumey<br \/>\n&#8211; \u00abLa polka\u00bb de Kossi Efoui<br \/>\n&#8211; \u00ab\u00a1Puta vida!\u00bb de Sami Tchack<\/p>\n<h5 style=\"color: #fee69b; margin-top: px; margin-left: 10px; margin-bottom: -20px;\"><strong>Fotos<\/strong><\/h5>\n<p>&nbsp;<\/p>\n<p style=\"color: #ffffff; font-size: 12px; margin-left: 10px; line-height: 120%; margin-right: 10px;\">M\u00aa Antonia Redondo &#8211; Merc\u00e9 Juli\u00e1 &#8211; Dan Kitwood &#8211; Sunday Alamba \u2013 Yolanda Serna &#8211; Ana Lizarran \u2013 Jean Michel Clajot &#8211; Fran Magame \u2013 Tino Tajao<\/p>\n<p>&nbsp;<\/p>\n<\/div>\n<\/div>\n<p>[\/vc_column_text][\/vc_column][vc_column width=\u00bb1\/2&#8243;][vc_basic_grid post_type=\u00bbportfolio\u00bb max_items=\u00bb10&#8243; element_width=\u00bb6&#8243; order=\u00bbASC\u00bb item=\u00bb17181&#8243; grid_id=\u00bbvc_gid:1581337023949-8b6c15d6-ee87-7&#8243; taxonomies=\u00bb75&#8243;][\/vc_column][vc_column width=\u00bb1\/4&#8243;][vc_column_text el_class=\u00bbdetalle-pais\u00bb]<\/p>\n<h2>Togo<\/h2>\n<p>Al igual que su vecino y hermano Ben\u00edn, el pa\u00eds est\u00e1 marcado por la tradici\u00f3n del vud\u00fa, del que se dice que este territorio es su cuna. Peque\u00f1o, pobre, muy dependiente de la agricultura, y tambi\u00e9n muy herido por la abusiva relaci\u00f3n colonial francesa es, sin embargo, muy rico en cultura y hospitalidad. El gran lago que le da nombre, los montes Fetiches y los bosques en los que viven los Kabre son seguramente sus atractivos m\u00e1s conocidos. Aunque, para nosotros, c\u00f3mo no, lo m\u00e1s valioso son sus gentes, sumamente amigables, ya sea por los mercados de Lom\u00e9, como por la \u00faltima y m\u00e1s alejada de las aldeas de los pueblos ewe, ibo, yoruba o ashanti. Y siempre, flotando en el ambiente, la magia y el misterio de antiqu\u00edsimas creencias. El vud\u00fa es la m\u00e1s conocida. Pero no la \u00fanica.[\/vc_column_text][\/vc_column][\/vc_row]<\/p>\n","protected":false},"excerpt":{"rendered":"<p>[vc_row][vc_column width=\u00bb1\/4&#8243;][vc_single_image image=\u00bb10578&#8243; img_size=\u00bbmedium\u00bb onclick=\u00bblink_image\u00bb][vc_column_text] Libros recomendados &nbsp; &#8211; \u00ab\u00bfNos oyen cuando lloramos?\u00bb de Fauziya Kassindja y Layli Miller Bashir &#8211; \u00abLos pies sucios\u00bb [&hellip;]<\/p>\n","protected":false},"author":1361,"featured_media":0,"parent":0,"menu_order":0,"comment_status":"closed","ping_status":"closed","template":"","meta":{"_acf_changed":false,"footnotes":""},"class_list":["post-768","page","type-page","status-publish","hentry"],"acf":[],"_links":{"self":[{"href":"https:\/\/www.culturafricana.com\/web\/wp-json\/wp\/v2\/pages\/768","targetHints":{"allow":["GET"]}}],"collection":[{"href":"https:\/\/www.culturafricana.com\/web\/wp-json\/wp\/v2\/pages"}],"about":[{"href":"https:\/\/www.culturafricana.com\/web\/wp-json\/wp\/v2\/types\/page"}],"author":[{"embeddable":true,"href":"https:\/\/www.culturafricana.com\/web\/wp-json\/wp\/v2\/users\/1361"}],"replies":[{"embeddable":true,"href":"https:\/\/www.culturafricana.com\/web\/wp-json\/wp\/v2\/comments?post=768"}],"version-history":[{"count":3,"href":"https:\/\/www.culturafricana.com\/web\/wp-json\/wp\/v2\/pages\/768\/revisions"}],"predecessor-version":[{"id":17762,"href":"https:\/\/www.culturafricana.com\/web\/wp-json\/wp\/v2\/pages\/768\/revisions\/17762"}],"wp:attachment":[{"href":"https:\/\/www.culturafricana.com\/web\/wp-json\/wp\/v2\/media?parent=768"}],"curies":[{"name":"wp","href":"https:\/\/api.w.org\/{rel}","templated":true}]}}